{"id":2,"date":"2026-04-15T12:17:18","date_gmt":"2026-04-15T12:17:18","guid":{"rendered":"https:\/\/2bfree.tv\/?page_id=2"},"modified":"2026-05-11T22:14:02","modified_gmt":"2026-05-11T15:14:02","slug":"sample-page","status":"publish","type":"page","link":"https:\/\/2bfree.tv\/","title":{"rendered":"Trang Ch\u1ee7"},"content":{"rendered":"\t<div class=\"img has-hover x md-x lg-x y md-y lg-y\" id=\"image_2145267019\">\n\t\t\t\t\t\t\t\t<div class=\"img-inner dark\" >\n\t\t\t<img loading=\"lazy\" decoding=\"async\" width=\"1020\" height=\"322\" src=\"https:\/\/2bfree.tv\/wp-content\/uploads\/2026\/05\/xoilac-1024x323.webp\" class=\"attachment-large size-large\" alt=\"xoilac\" srcset=\"https:\/\/2bfree.tv\/wp-content\/uploads\/2026\/05\/xoilac-1024x323.webp 1024w, https:\/\/2bfree.tv\/wp-content\/uploads\/2026\/05\/xoilac-300x95.webp 300w, https:\/\/2bfree.tv\/wp-content\/uploads\/2026\/05\/xoilac-768x243.webp 768w, https:\/\/2bfree.tv\/wp-content\/uploads\/2026\/05\/xoilac-1536x485.webp 1536w, https:\/\/2bfree.tv\/wp-content\/uploads\/2026\/05\/xoilac.webp 1900w\" sizes=\"auto, (max-width: 1020px) 100vw, 1020px\" title=\"\">\t\t\t\t\t\t\n\t\t\t\t\t<\/div>\n\t\t\t\t\t\t\t\t\n<style>\n#image_2145267019 {\n  width: 100%;\n}\n<\/style>\n\t<\/div>\n\t\n\n\t<section class=\"section\" id=\"section_1776555127\">\n\t\t<div class=\"section-bg fill\" >\n\t\t\t\t\t\t\t\t\t\n\t\t\t\n\n\t\t<\/div>\n\n\t\t\n\n\t\t<div class=\"section-content relative\">\n\t\t\t\n<div class=\"row align-middle\"  id=\"row-1772115243\">\n\n\t<div id=\"col-520911362\" class=\"col medium-8 small-12 large-8\"  >\n\t\t\t\t<div class=\"col-inner\"  >\n\t\t\t\n\t\t\t\n<h1>XOILAC TV \u2013 Trang Ch\u1ee7 X\u00f4i L\u1ea1c TV Ch\u00ednh Th\u1ee9c 2026<\/h1>\n<blockquote>\n<p><a href=\"https:\/\/2bfree.tv\/\"><strong>XOILAC TV<\/strong><\/a> xin th\u00f4ng b\u00e1o \u0111\u1ebfn ng\u01b0\u1eddi xem: https:\/\/2bfree.tv\/ l\u00e0 trang ch\u1ee7 ch\u00ednh th\u1ee9c c\u1ee7a Xoilac TV ( X\u00f4i L\u1ea1c TV ) n\u01a1i c\u1eadp nh\u1eadt link xem tr\u1ef1c ti\u1ebfp b\u00f3ng \u0111\u00e1 World Cup 2026 nhanh ch\u00f3ng, \u1ed5n \u0111\u1ecbnh v\u00e0 thu\u1eadn ti\u1ec7n tr\u00ean \u0111i\u1ec7n tho\u1ea1i, m\u00e1y t\u00ednh, tablet v\u00e0 Smart TV.<\/p>\n<p>T\u1ea1i <strong>trang ch\u1ee7 Xoilac TV<\/strong>, ng\u01b0\u1eddi h\u00e2m m\u1ed9 c\u00f3 th\u1ec3 theo d\u00f5i l\u1ecbch thi \u0111\u1ea5u World Cup 2026, link tr\u1ef1c ti\u1ebfp c\u00e1c tr\u1eadn \u0111\u1ea5u h\u00f4m nay, t\u1ef7 s\u1ed1 realtime, k\u1ebft qu\u1ea3 sau tr\u1eadn, b\u1ea3ng x\u1ebfp h\u1ea1ng, highlight v\u00e0 c\u00e1c th\u00f4ng tin b\u00f3ng \u0111\u00e1 m\u1edbi nh\u1ea5t. Website \u0111\u01b0\u1ee3c x\u00e2y d\u1ef1ng nh\u1eb1m gi\u00fap ng\u01b0\u1eddi xem truy c\u1eadp \u0111\u00fang \u0111\u1ecba ch\u1ec9, h\u1ea1n ch\u1ebf nh\u1ea7m l\u1eabn v\u1edbi c\u00e1c trang gi\u1ea3 m\u1ea1o ho\u1eb7c \u0111\u01b0\u1eddng link kh\u00f4ng r\u00f5 ngu\u1ed3n g\u1ed1c.<\/p>\n<p>M\u1ecdi c\u1eadp nh\u1eadt v\u1ec1 l\u1ecbch ph\u00e1t s\u00f3ng, tr\u1eadn \u0111\u1ea5u hot, \u0111\u01b0\u1eddng truy\u1ec1n d\u1ef1 ph\u00f2ng v\u00e0 th\u00f4ng b\u00e1o m\u1edbi s\u1ebd \u0111\u01b0\u1ee3c hi\u1ec3n th\u1ecb t\u1ea1i <strong>trang ch\u1ee7 ch\u00ednh th\u1ee9c c\u1ee7a XOILAC TV<\/strong>.<\/p>\n<p>\ud83d\udc49 Link Xoilac TV ch\u00ednh th\u1ee9c: <a href=\"https:\/\/2bfree.tv\/\">https:\/\/2bfree.tv\/<\/a><\/p>\n<\/blockquote>\n\t\t<\/div>\n\t\t\t\t\t<\/div>\n\n\t\n\n\t<div id=\"col-1831850036\" class=\"col medium-4 small-12 large-4\"  >\n\t\t\t\t<div class=\"col-inner\"  >\n\t\t\t\n\t\t\t\n\t<div class=\"img has-hover x md-x lg-x y md-y lg-y\" id=\"image_1634460031\">\n\t\t\t\t\t\t\t\t<div class=\"img-inner dark\" >\n\t\t\t<img loading=\"lazy\" decoding=\"async\" width=\"512\" height=\"512\" src=\"https:\/\/2bfree.tv\/wp-content\/uploads\/2026\/05\/xoilactv-1.png\" class=\"attachment-large size-large\" alt=\"xoilac tv\" srcset=\"https:\/\/2bfree.tv\/wp-content\/uploads\/2026\/05\/xoilactv-1.png 512w, https:\/\/2bfree.tv\/wp-content\/uploads\/2026\/05\/xoilactv-1-300x300.png 300w, https:\/\/2bfree.tv\/wp-content\/uploads\/2026\/05\/xoilactv-1-150x150.png 150w\" sizes=\"auto, (max-width: 512px) 100vw, 512px\" title=\"\">\t\t\t\t\t\t\n\t\t\t\t\t<\/div>\n\t\t\t\t\t\t\t\t\n<style>\n#image_1634460031 {\n  width: 100%;\n}\n<\/style>\n\t<\/div>\n\t\n\t\t<\/div>\n\t\t\t\t\t<\/div>\n\n\t\n<\/div>\n<div class=\"row row-full-width\"  id=\"row-902138373\">\n\n\t<div id=\"col-2107144621\" class=\"col small-12 large-12\"  >\n\t\t\t\t<div class=\"col-inner\"  >\n\t\t\t\n\t\t\t\n        <section class=\"s8lf-shortcode\">\n            <div\n                class=\"s8lf-root\"\n                data-view=\"list\"\n                data-title=\"L\u1ecbch live b\u00f3ng \u0111\u00e1\"\n            ><\/div>\n        <\/section>\n        \n\t\t<\/div>\n\t\t\t\t\t<\/div>\n\n\t\n<\/div>\n<div class=\"row\"  id=\"row-1124295777\">\n\n\t<div id=\"col-130893802\" class=\"col small-12 large-12\"  >\n\t\t\t\t<div class=\"col-inner box-shadow-2\"  >\n\t\t\t\n\t\t\t\n<h2>XOILAC TV l\u00e0 g\u00ec?<\/h2>\n<p><strong>XOILAC TV<\/strong>, c\u00f2n \u0111\u01b0\u1ee3c ng\u01b0\u1eddi d\u00f9ng Vi\u1ec7t Nam g\u1ecdi l\u00e0 <strong>X\u00f4i L\u1ea1c TV<\/strong>, l\u00e0 th\u01b0\u01a1ng hi\u1ec7u n\u1ec1n t\u1ea3ng b\u00f3ng \u0111\u00e1 tr\u1ef1c tuy\u1ebfn \u0111\u01b0\u1ee3c x\u00e2y d\u1ef1ng nh\u1eb1m h\u1ed7 tr\u1ee3 ng\u01b0\u1eddi h\u00e2m m\u1ed9 theo d\u00f5i l\u1ecbch thi \u0111\u1ea5u, link xem b\u00f3ng \u0111\u00e1, t\u1ef7 s\u1ed1 tr\u1ef1c ti\u1ebfp, k\u1ebft qu\u1ea3 tr\u1eadn \u0111\u1ea5u v\u00e0 c\u00e1c th\u00f4ng tin c\u1eadp nh\u1eadt xoay quanh nh\u1eefng gi\u1ea3i b\u00f3ng \u0111\u00e1 l\u1edbn. Trong m\u00f9a <strong>World Cup 2026<\/strong>, XOILAC TV s\u1ebd tr\u1edf th\u00e0nh \u0111i\u1ec3m truy c\u1eadp quen thu\u1ed9c cho ng\u01b0\u1eddi xem c\u1ea7n t\u00ecm th\u00f4ng tin tr\u1eadn \u0111\u1ea5u nhanh, d\u1ec5 hi\u1ec3u v\u00e0 thu\u1eadn ti\u1ec7n tr\u00ean nhi\u1ec1u thi\u1ebft b\u1ecb.<\/p>\n<figure id=\"attachment_64\" aria-describedby=\"caption-attachment-64\" style=\"width: 1457px\" class=\"wp-caption alignnone\"><img loading=\"lazy\" decoding=\"async\" class=\"wp-image-64 size-full\" src=\"https:\/\/2bfree.tv\/wp-content\/uploads\/2026\/05\/xem-bong-da-tai-xoilactv.png\" alt=\"xoilac tv l\u00e0 g\u00ec\" width=\"1457\" height=\"720\" title=\"\" srcset=\"https:\/\/2bfree.tv\/wp-content\/uploads\/2026\/05\/xem-bong-da-tai-xoilactv.png 1457w, https:\/\/2bfree.tv\/wp-content\/uploads\/2026\/05\/xem-bong-da-tai-xoilactv-300x148.png 300w, https:\/\/2bfree.tv\/wp-content\/uploads\/2026\/05\/xem-bong-da-tai-xoilactv-1024x506.png 1024w, https:\/\/2bfree.tv\/wp-content\/uploads\/2026\/05\/xem-bong-da-tai-xoilactv-768x380.png 768w\" sizes=\"auto, (max-width: 1457px) 100vw, 1457px\" \/><figcaption id=\"caption-attachment-64\" class=\"wp-caption-text\">t\u00ecm hi\u1ec3u th\u01b0\u01a1ng hi\u1ec7u xoilac tv l\u00e0 g\u00ec<\/figcaption><\/figure>\n<p>Trang web <strong><a href=\"https:\/\/2bfree.tv\/\">https:\/\/2bfree.tv\/<\/a><\/strong> l\u00e0 trang ch\u1ee7 ch\u00ednh th\u1ee9c c\u1ee7a XOILAC TV, n\u01a1i t\u1ed5ng h\u1ee3p c\u00e1c n\u1ed9i dung quan tr\u1ecdng nh\u01b0 l\u1ecbch ph\u00e1t s\u00f3ng b\u00f3ng \u0111\u00e1 h\u00f4m nay, link xem tr\u1ef1c ti\u1ebfp c\u00e1c tr\u1eadn c\u1ea7u n\u1ed5i b\u1eadt, livescore theo th\u1eddi gian th\u1ef1c, k\u1ebft qu\u1ea3 sau tr\u1eadn, b\u1ea3ng x\u1ebfp h\u1ea1ng, highlight, tin t\u1ee9c b\u00f3ng \u0111\u00e1 v\u00e0 th\u00f4ng b\u00e1o m\u1edbi nh\u1ea5t t\u1eeb h\u1ec7 th\u1ed1ng. Website \u0111\u01b0\u1ee3c thi\u1ebft k\u1ebf \u0111\u1ec3 ng\u01b0\u1eddi xem truy c\u1eadp \u0111\u00fang \u0111\u1ecba ch\u1ec9, h\u1ea1n ch\u1ebf nh\u1ea7m l\u1eabn v\u1edbi c\u00e1c trang gi\u1ea3 m\u1ea1o ho\u1eb7c nh\u1eefng \u0111\u01b0\u1eddng d\u1eabn kh\u00f4ng r\u00f5 ngu\u1ed3n g\u1ed1c.<\/p>\n<h2>XOILAC TV cung c\u1ea5p nh\u1eefng n\u1ed9i dung g\u00ec?<\/h2>\n<p>XOILAC TV t\u1eadp trung v\u00e0o nhu c\u1ea7u th\u1ef1c t\u1ebf c\u1ee7a ng\u01b0\u1eddi xem b\u00f3ng \u0111\u00e1 Vi\u1ec7t Nam: v\u00e0o nhanh, xem d\u1ec5, c\u1eadp nh\u1eadt \u0111\u00fang tr\u1eadn v\u00e0 kh\u00f4ng m\u1ea5t nhi\u1ec1u th\u1eddi gian t\u00ecm ki\u1ebfm. Thay v\u00ec ch\u1ec9 hi\u1ec3n th\u1ecb m\u1ed9t n\u1ed9i dung \u0111\u01a1n l\u1ebb, trang ch\u1ee7 \u0111\u01b0\u1ee3c t\u1ed5 ch\u1ee9c th\u00e0nh nhi\u1ec1u khu v\u1ef1c r\u00f5 r\u00e0ng \u0111\u1ec3 ng\u01b0\u1eddi d\u00f9ng d\u1ec5 theo d\u00f5i tr\u01b0\u1edbc, trong v\u00e0 sau tr\u1eadn \u0111\u1ea5u.<\/p>\n<p>Ng\u01b0\u1eddi xem c\u00f3 th\u1ec3 t\u00ecm th\u1ea5y l\u1ecbch thi \u0111\u1ea5u World Cup 2026, danh s\u00e1ch tr\u1eadn \u0111\u1ea5u trong ng\u00e0y, th\u1eddi gian b\u00f3ng l\u0103n, \u0111\u1ed9i h\u00ecnh d\u1ef1 ki\u1ebfn, t\u1ef7 s\u1ed1 realtime v\u00e0 k\u1ebft qu\u1ea3 cu\u1ed1i tr\u1eadn. B\u00ean c\u1ea1nh \u0111\u00f3, XOILAC TV c\u0169ng c\u1eadp nh\u1eadt c\u00e1c \u0111\u01b0\u1eddng truy\u1ec1n d\u1ef1 ph\u00f2ng, gi\u00fap ng\u01b0\u1eddi d\u00f9ng c\u00f3 th\u00eam l\u1ef1a ch\u1ecdn khi l\u01b0\u1ee3ng truy c\u1eadp t\u0103ng cao v\u00e0o nh\u1eefng tr\u1eadn \u0111\u1ea5u l\u1edbn.<\/p>\n<p>Ngo\u00e0i World Cup 2026, th\u01b0\u01a1ng hi\u1ec7u X\u00f4i L\u1ea1c TV c\u00f2n h\u01b0\u1edbng \u0111\u1ebfn vi\u1ec7c c\u1eadp nh\u1eadt c\u00e1c gi\u1ea3i b\u00f3ng \u0111\u00e1 \u0111\u01b0\u1ee3c quan t\u00e2m nh\u01b0 Ngo\u1ea1i h\u1ea1ng Anh, Champions League, La Liga, Serie A, Bundesliga, Ligue 1, V-League v\u00e0 nh\u1eefng tr\u1eadn \u0111\u1ea5u \u0111\u1ed9i tuy\u1ec3n qu\u1ed1c gia Vi\u1ec7t Nam. M\u1ee5c ti\u00eau c\u1ee7a website l\u00e0 tr\u1edf th\u00e0nh m\u1ed9t c\u1ed5ng th\u00f4ng tin b\u00f3ng \u0111\u00e1 d\u1ec5 s\u1eed d\u1ee5ng, ph\u00f9 h\u1ee3p v\u1edbi ng\u01b0\u1eddi xem ph\u1ed5 th\u00f4ng l\u1eabn ng\u01b0\u1eddi th\u01b0\u1eddng xuy\u00ean theo d\u00f5i l\u1ecbch thi \u0111\u1ea5u h\u1eb1ng ng\u00e0y.<\/p>\n<h2>V\u00ec sao n\u00ean truy c\u1eadp \u0111\u00fang trang ch\u1ee7 XOILAC TV?<\/h2>\n<p>Khi m\u1ed9t th\u01b0\u01a1ng hi\u1ec7u b\u00f3ng \u0111\u00e1 tr\u1ef1c tuy\u1ebfn \u0111\u01b0\u1ee3c nhi\u1ec1u ng\u01b0\u1eddi t\u00ecm ki\u1ebfm, vi\u1ec7c xu\u1ea5t hi\u1ec7n c\u00e1c website nh\u00e1i t\u00ean, d\u00f9ng logo t\u01b0\u01a1ng t\u1ef1 ho\u1eb7c g\u1eafn link kh\u00f4ng ch\u00ednh x\u00e1c l\u00e0 \u0111i\u1ec1u r\u1ea5t d\u1ec5 x\u1ea3y ra. V\u00ec v\u1eady, XOILAC TV khuy\u1ebfn ngh\u1ecb ng\u01b0\u1eddi xem ch\u1ec9 n\u00ean truy c\u1eadp \u0111\u00fang \u0111\u1ecba ch\u1ec9 ch\u00ednh th\u1ee9c t\u1ea1i: <strong><a href=\"https:\/\/2bfree.tv\/\">https:\/\/2bfree.tv\/<\/a><\/strong><\/p>\n<p>\u0110\u00e2y l\u00e0 trang ch\u1ee7 ch\u00ednh th\u1ee9c c\u1ee7a XOILAC TV trong giai \u0111o\u1ea1n World Cup 2026, gi\u00fap ng\u01b0\u1eddi d\u00f9ng nh\u1eadn di\u1ec7n \u0111\u00fang th\u01b0\u01a1ng hi\u1ec7u, c\u1eadp nh\u1eadt \u0111\u00fang th\u00f4ng b\u00e1o v\u00e0 s\u1eed d\u1ee5ng \u0111\u00fang c\u00e1c \u0111\u01b0\u1eddng d\u1eabn \u0111\u01b0\u1ee3c c\u00f4ng b\u1ed1 tr\u00ean h\u1ec7 th\u1ed1ng. Vi\u1ec7c truy c\u1eadp \u0111\u00fang trang ch\u1ee7 gi\u00fap gi\u1ea3m r\u1ee7i ro v\u00e0o nh\u1ea7m website m\u1ea1o danh, tr\u00e1nh c\u00e1c pop-up kh\u00f4ng mong mu\u1ed1n v\u00e0 b\u1ea3o v\u1ec7 tr\u1ea3i nghi\u1ec7m xem b\u00f3ng \u0111\u00e1 \u1ed5n \u0111\u1ecbnh h\u01a1n.<\/p>\n<h2>XOILAC TV h\u01b0\u1edbng \u0111\u1ebfn tr\u1ea3i nghi\u1ec7m ng\u01b0\u1eddi xem Vi\u1ec7t<\/h2>\n<p>\u0110i\u1ec3m kh\u00e1c bi\u1ec7t c\u1ee7a <strong>XOILACTV<\/strong> n\u1eb1m \u1edf c\u00e1ch tr\u00ecnh b\u00e0y n\u1ed9i dung \u0111\u01a1n gi\u1ea3n, d\u1ec5 tra c\u1ee9u v\u00e0 ph\u00f9 h\u1ee3p v\u1edbi th\u00f3i quen c\u1ee7a ng\u01b0\u1eddi d\u00f9ng Vi\u1ec7t Nam. Ng\u01b0\u1eddi xem c\u00f3 th\u1ec3 truy c\u1eadp b\u1eb1ng \u0111i\u1ec7n tho\u1ea1i, m\u00e1y t\u00ednh b\u1ea3ng, laptop ho\u1eb7c Smart TV m\u00e0 v\u1eabn d\u1ec5 d\u00e0ng t\u00ecm \u0111\u01b0\u1ee3c tr\u1eadn \u0111\u1ea5u c\u1ea7n xem.<\/p>\n<p>C\u00e1c chuy\u00ean m\u1ee5c tr\u00ean trang \u0111\u01b0\u1ee3c s\u1eafp x\u1ebfp theo nhu c\u1ea7u ph\u1ed5 bi\u1ebfn: tr\u1eadn \u0111\u1ea5u h\u00f4m nay, l\u1ecbch thi \u0111\u1ea5u World Cup 2026, link xem tr\u1ef1c ti\u1ebfp, t\u1ef7 s\u1ed1 tr\u1ef1c tuy\u1ebfn, k\u1ebft qu\u1ea3 b\u00f3ng \u0111\u00e1, b\u1ea3ng x\u1ebfp h\u1ea1ng v\u00e0 highlight. C\u00e1ch t\u1ed5 ch\u1ee9c n\u00e0y gi\u00fap ng\u01b0\u1eddi d\u00f9ng m\u1edbi kh\u00f4ng b\u1ecb r\u1ed1i, \u0111\u1ed3ng th\u1eddi h\u1ed7 tr\u1ee3 Google hi\u1ec3u r\u00f5 website \u0111ang ph\u1ee5c v\u1ee5 ch\u1ee7 \u0111\u1ec1 ch\u00ednh l\u00e0 b\u00f3ng \u0111\u00e1 tr\u1ef1c tuy\u1ebfn v\u00e0 th\u00f4ng tin tr\u1eadn \u0111\u1ea5u.<\/p>\n<h2>Nh\u1eadn di\u1ec7n th\u01b0\u01a1ng hi\u1ec7u XOILAC TV<\/h2>\n<p>\u0110\u1ec3 tr\u00e1nh nh\u1ea7m l\u1eabn v\u1edbi c\u00e1c t\u00ean g\u1ecdi kh\u00e1c tr\u00ean internet, th\u01b0\u01a1ng hi\u1ec7u ch\u00ednh th\u1ee9c \u0111\u01b0\u1ee3c th\u1ed1ng nh\u1ea5t nh\u01b0 sau:<\/p>\n<ul>\n<li>T\u00ean th\u01b0\u01a1ng hi\u1ec7u: <strong>XOILAC TV<\/strong><\/li>\n<li>T\u00ean ti\u1ebfng Vi\u1ec7t th\u01b0\u1eddng d\u00f9ng: <strong>X\u00f4i L\u1ea1c TV<\/strong><\/li>\n<li>Website ch\u00ednh th\u1ee9c: <strong><a href=\"https:\/\/2bfree.tv\/\">https:\/\/2bfree.tv\/<\/a><\/strong><\/li>\n<li>\u0110\u1ecba ch\u1ec9: 333\/11 B\u1ebfn V\u00e2n \u0110\u1ed3n, Ph\u01b0\u1eddng 1, V\u0129nh H\u1ed9i, H\u1ed3 Ch\u00ed Minh, Vi\u1ec7t Nam<\/li>\n<li>Phone: 0937 642 581<\/li>\n<li>Email: support@xoilac.futbol<\/li>\n<li>Hashtags #xoilac #xemxoilac #xoilactv #tructiepbongda #xembongda #xolaclive<\/li>\n<\/ul>\n<h2>Cam k\u1ebft n\u1ed9i dung t\u1eeb XOILAC TV<\/h2>\n<p>XOILAC TV h\u01b0\u1edbng \u0111\u1ebfn vi\u1ec7c cung c\u1ea5p th\u00f4ng tin b\u00f3ng \u0111\u00e1 nhanh, r\u00f5 r\u00e0ng v\u00e0 d\u1ec5 ti\u1ebfp c\u1eadn. Trang ch\u1ee7 lu\u00f4n \u01b0u ti\u00ean c\u1eadp nh\u1eadt l\u1ecbch thi \u0111\u1ea5u ch\u00ednh x\u00e1c, \u0111\u01b0\u1eddng d\u1eabn truy c\u1eadp \u1ed5n \u0111\u1ecbnh, th\u00f4ng b\u00e1o m\u1edbi k\u1ecbp th\u1eddi v\u00e0 tr\u1ea3i nghi\u1ec7m xem ph\u00f9 h\u1ee3p v\u1edbi nhi\u1ec1u thi\u1ebft b\u1ecb.<\/p>\n<p>Ng\u01b0\u1eddi xem n\u00ean l\u01b0u l\u1ea1i \u0111\u1ecba ch\u1ec9 <strong><a href=\"https:\/\/2bfree.tv\/\">https:\/\/2bfree.tv\/<\/a><\/strong> \u0111\u1ec3 truy c\u1eadp tr\u1ef1c ti\u1ebfp m\u1ed7i khi c\u1ea7n xem b\u00f3ng \u0111\u00e1 World Cup 2026 ho\u1eb7c tra c\u1ee9u l\u1ecbch thi \u0111\u1ea5u trong ng\u00e0y. M\u1ecdi th\u00f4ng tin ch\u00ednh th\u1ee9c v\u1ec1 XOILAC TV s\u1ebd \u0111\u01b0\u1ee3c c\u1eadp nh\u1eadt t\u1ea1i website n\u00e0y nh\u1eb1m \u0111\u1ea3m b\u1ea3o t\u00ednh nh\u1ea5t qu\u00e1n cho ng\u01b0\u1eddi d\u00f9ng v\u00e0 c\u00f4ng c\u1ee5 t\u00ecm ki\u1ebfm.<\/p>\n<h2>K\u1ebft lu\u1eadn<\/h2>\n<p><strong>XOILAC TV<\/strong> l\u00e0 th\u01b0\u01a1ng hi\u1ec7u b\u00f3ng \u0111\u00e1 tr\u1ef1c tuy\u1ebfn d\u00e0nh cho ng\u01b0\u1eddi h\u00e2m m\u1ed9 Vi\u1ec7t Nam, t\u1eadp trung v\u00e0o vi\u1ec7c c\u1eadp nh\u1eadt link xem tr\u1ef1c ti\u1ebfp b\u00f3ng \u0111\u00e1, l\u1ecbch thi \u0111\u1ea5u World Cup 2026, t\u1ef7 s\u1ed1 realtime, k\u1ebft qu\u1ea3 tr\u1eadn \u0111\u1ea5u v\u00e0 c\u00e1c th\u00f4ng tin b\u00f3ng \u0111\u00e1 quan tr\u1ecdng. V\u1edbi website ch\u00ednh th\u1ee9c <strong><a href=\"https:\/\/2bfree.tv\/\">https:\/\/2bfree.tv\/<\/a><\/strong>, X\u00f4i L\u1ea1c TV mong mu\u1ed1n x\u00e2y d\u1ef1ng m\u1ed9t \u0111i\u1ec3m truy c\u1eadp r\u00f5 r\u00e0ng, \u1ed5n \u0111\u1ecbnh v\u00e0 d\u1ec5 nh\u1eadn di\u1ec7n cho ng\u01b0\u1eddi xem.<\/p>\n<p>\u0110\u1ec3 tr\u00e1nh nh\u1ea7m l\u1eabn v\u1edbi c\u00e1c website gi\u1ea3 m\u1ea1o, ng\u01b0\u1eddi d\u00f9ng n\u00ean truy c\u1eadp \u0111\u00fang trang ch\u1ee7 XOILAC TV t\u1ea1i <strong>2bfree.tv<\/strong> v\u00e0 theo d\u00f5i c\u00e1c th\u00f4ng b\u00e1o m\u1edbi nh\u1ea5t \u0111\u01b0\u1ee3c c\u1eadp nh\u1eadt tr\u1ef1c ti\u1ebfp tr\u00ean h\u1ec7 th\u1ed1ng.<\/p>\n\t\t<\/div>\n\t\t\t\t\n<style>\n#col-130893802 > .col-inner {\n  padding: 10px 10px 10px 10px;\n  border-radius: 10px;\n}\n<\/style>\n\t<\/div>\n\n\t\n<\/div>\n<div class=\"row\"  id=\"row-1216701800\">\n\n\t<div id=\"col-1553727929\" class=\"col small-12 large-12\"  >\n\t\t\t\t<div class=\"col-inner\"  >\n\t\t\t\n\t\t\t\n<h2>C\u00e2u h\u1ecfi th\u01b0\u1eddng g\u1eb7p FAQ) Xoilac TV<\/h2>\n<div class=\"accordion\">\n\t<div id=\"accordion-1805701037\" class=\"accordion-item\">\n\t\t<a id=\"accordion-1805701037-label\" class=\"accordion-title plain\" href=\"#accordion-item-xoilac-tv-c\u00f3-xem-b\u00f3ng-\u0111\u00e1-mi\u1ec5n-ph\u00ed-kh\u00f4ng?\" aria-expanded=\"false\" aria-controls=\"accordion-1805701037-content\" >\n\t\t\t<button class=\"toggle\" aria-label=\"Chuy\u1ec3n \u0111\u1ed5i\"><i class=\"icon-angle-down\"><\/i><\/button>\n\t\t\t<span>XOILAC TV c\u00f3 xem b\u00f3ng \u0111\u00e1 mi\u1ec5n ph\u00ed kh\u00f4ng?<\/span>\n\t\t<\/a>\n\t\t<div id=\"accordion-1805701037-content\" class=\"accordion-inner\" aria-labelledby=\"accordion-1805701037-label\" >\n\t\t\t\n<p>XOILAC TV cung c\u1ea5p h\u1ec7 th\u1ed1ng link xem b\u00f3ng \u0111\u00e1 tr\u1ef1c tuy\u1ebfn \u0111\u1ec3 ng\u01b0\u1eddi d\u00f9ng truy c\u1eadp nhanh c\u00e1c tr\u1eadn \u0111\u1ea5u \u0111ang di\u1ec5n ra. Ng\u01b0\u1eddi xem n\u00ean ch\u1ecdn \u0111\u00fang link \u0111\u01b0\u1ee3c c\u1eadp nh\u1eadt tr\u00ean trang \u0111\u1ec3 h\u1ea1n ch\u1ebf l\u1ed7i truy c\u1eadp ho\u1eb7c nh\u1ea7m ngu\u1ed3n ph\u00e1t.<\/p>\n\t\t<\/div>\n\t<\/div>\n\t\n\t<div id=\"accordion-2056533367\" class=\"accordion-item\">\n\t\t<a id=\"accordion-2056533367-label\" class=\"accordion-title plain\" href=\"#accordion-item-xoilac-tv-c\u00f3-c\u1ea7n-\u0111\u0103ng-k\u00fd-t\u00e0i-kho\u1ea3n-kh\u00f4ng?\" aria-expanded=\"false\" aria-controls=\"accordion-2056533367-content\" >\n\t\t\t<button class=\"toggle\" aria-label=\"Chuy\u1ec3n \u0111\u1ed5i\"><i class=\"icon-angle-down\"><\/i><\/button>\n\t\t\t<span>XOILAC TV c\u00f3 c\u1ea7n \u0111\u0103ng k\u00fd t\u00e0i kho\u1ea3n kh\u00f4ng?<\/span>\n\t\t<\/a>\n\t\t<div id=\"accordion-2056533367-content\" class=\"accordion-inner\" aria-labelledby=\"accordion-2056533367-label\" >\n\t\t\t\n<p>Th\u00f4ng th\u01b0\u1eddng ng\u01b0\u1eddi d\u00f9ng c\u00f3 th\u1ec3 truy c\u1eadp v\u00e0 ch\u1ecdn tr\u1eadn \u0111\u1ea5u tr\u1ef1c ti\u1ebfp m\u00e0 kh\u00f4ng c\u1ea7n \u0111\u0103ng k\u00fd t\u00e0i kho\u1ea3n. Tuy nhi\u00ean, tr\u1ea3i nghi\u1ec7m c\u00f3 th\u1ec3 thay \u0111\u1ed5i t\u00f9y t\u1eebng th\u1eddi \u0111i\u1ec3m v\u00e0 t\u1eebng ngu\u1ed3n ph\u00e1t.<\/p>\n\t\t<\/div>\n\t<\/div>\n\t\n\t<div id=\"accordion-3500443818\" class=\"accordion-item\">\n\t\t<a id=\"accordion-3500443818-label\" class=\"accordion-title plain\" href=\"#accordion-item-xem-b\u00f3ng-\u0111\u00e1-tr\u00ean-xoilac-tv-c\u00f3-b\u1ecb-lag-kh\u00f4ng?\" aria-expanded=\"false\" aria-controls=\"accordion-3500443818-content\" >\n\t\t\t<button class=\"toggle\" aria-label=\"Chuy\u1ec3n \u0111\u1ed5i\"><i class=\"icon-angle-down\"><\/i><\/button>\n\t\t\t<span>Xem b\u00f3ng \u0111\u00e1 tr\u00ean XOILAC TV c\u00f3 b\u1ecb lag kh\u00f4ng?<\/span>\n\t\t<\/a>\n\t\t<div id=\"accordion-3500443818-content\" class=\"accordion-inner\" aria-labelledby=\"accordion-3500443818-label\" >\n\t\t\t\n<p>T\u1ed1c \u0111\u1ed9 xem ph\u1ee5 thu\u1ed9c v\u00e0o \u0111\u01b0\u1eddng truy\u1ec1n internet, thi\u1ebft b\u1ecb v\u00e0 l\u01b0\u1ee3ng truy c\u1eadp t\u1ea1i th\u1eddi \u0111i\u1ec3m tr\u1eadn \u0111\u1ea5u di\u1ec5n ra. N\u1ebfu b\u1ecb lag, ng\u01b0\u1eddi d\u00f9ng n\u00ean \u0111\u1ed5i server d\u1ef1 ph\u00f2ng ho\u1eb7c gi\u1ea3m ch\u1ea5t l\u01b0\u1ee3ng video.<\/p>\n\t\t<\/div>\n\t<\/div>\n\t\n\t<div id=\"accordion-1076555729\" class=\"accordion-item\">\n\t\t<a id=\"accordion-1076555729-label\" class=\"accordion-title plain\" href=\"#accordion-item-xoilac-tv-c\u00f3-l\u1ecbch-thi-\u0111\u1ea5u-h\u00f4m-nay-kh\u00f4ng?\" aria-expanded=\"false\" aria-controls=\"accordion-1076555729-content\" >\n\t\t\t<button class=\"toggle\" aria-label=\"Chuy\u1ec3n \u0111\u1ed5i\"><i class=\"icon-angle-down\"><\/i><\/button>\n\t\t\t<span>XOILAC TV c\u00f3 l\u1ecbch thi \u0111\u1ea5u h\u00f4m nay kh\u00f4ng?<\/span>\n\t\t<\/a>\n\t\t<div id=\"accordion-1076555729-content\" class=\"accordion-inner\" aria-labelledby=\"accordion-1076555729-label\" >\n\t\t\t\n<p>C\u00f3. Trang ch\u1ee7 n\u00ean hi\u1ec3n th\u1ecb l\u1ecbch thi \u0111\u1ea5u theo ng\u00e0y, gi\u1ea3i \u0111\u1ea5u v\u00e0 khung gi\u1edd \u0111\u1ec3 ng\u01b0\u1eddi xem d\u1ec5 ch\u1ecdn tr\u1eadn c\u1ea7n theo d\u00f5i.<\/p>\n\t\t<\/div>\n\t<\/div>\n\t\n\t<div id=\"accordion-1093299149\" class=\"accordion-item\">\n\t\t<a id=\"accordion-1093299149-label\" class=\"accordion-title plain\" href=\"#accordion-item-xoilac-tv-c\u00f3-highlight-sau-tr\u1eadn-kh\u00f4ng?\" aria-expanded=\"false\" aria-controls=\"accordion-1093299149-content\" >\n\t\t\t<button class=\"toggle\" aria-label=\"Chuy\u1ec3n \u0111\u1ed5i\"><i class=\"icon-angle-down\"><\/i><\/button>\n\t\t\t<span>XOILAC TV c\u00f3 highlight sau tr\u1eadn kh\u00f4ng?<\/span>\n\t\t<\/a>\n\t\t<div id=\"accordion-1093299149-content\" class=\"accordion-inner\" aria-labelledby=\"accordion-1093299149-label\" >\n\t\t\t\n<p>C\u00f3 th\u1ec3 x\u00e2y d\u1ef1ng chuy\u00ean m\u1ee5c highlight \u0111\u1ec3 c\u1eadp nh\u1eadt c\u00e1c t\u00ecnh hu\u1ed1ng \u0111\u00e1ng ch\u00fa \u00fd, b\u00e0n th\u1eafng v\u00e0 di\u1ec5n bi\u1ebfn ch\u00ednh sau khi tr\u1eadn \u0111\u1ea5u k\u1ebft th\u00fac.<\/p>\n\t\t<\/div>\n\t<\/div>\n\t\n\t<div id=\"accordion-3502450961\" class=\"accordion-item\">\n\t\t<a id=\"accordion-3502450961-label\" class=\"accordion-title plain\" href=\"#accordion-item-xoilac-tv-c\u00f3-h\u1ed7-tr\u1ee3-b\u00ecnh-lu\u1eadn-ti\u1ebfng-vi\u1ec7t-kh\u00f4ng?\" aria-expanded=\"false\" aria-controls=\"accordion-3502450961-content\" >\n\t\t\t<button class=\"toggle\" aria-label=\"Chuy\u1ec3n \u0111\u1ed5i\"><i class=\"icon-angle-down\"><\/i><\/button>\n\t\t\t<span>Xoilac TV c\u00f3 h\u1ed7 tr\u1ee3 b\u00ecnh lu\u1eadn ti\u1ebfng Vi\u1ec7t kh\u00f4ng?<\/span>\n\t\t<\/a>\n\t\t<div id=\"accordion-3502450961-content\" class=\"accordion-inner\" aria-labelledby=\"accordion-3502450961-label\" >\n\t\t\t\n<p>C\u00f3, t\u1ea5t c\u1ea3 tr\u1eadn \u0111\u1ea5u tr\u00ean xoilac tv c\u00f3 b\u00ecnh lu\u1eadn ti\u1ebfng b\u1edfi nh\u1eefng b\u00ecnh lu\u1eadn vi\u00ean n\u1ed5i ti\u1ebfng.<\/p>\n\t\t<\/div>\n\t<\/div>\n\t\n<\/div>\n\t\t<\/div>\n\t\t\t\t\t<\/div>\n\n\t\n<\/div>\n\t\t<\/div>\n\n\t\t\n<style>\n#section_1776555127 {\n  padding-top: 30px;\n  padding-bottom: 30px;\n}\n<\/style>\n\t<\/section>\n\t\n","protected":false},"excerpt":{"rendered":"","protected":false},"author":1,"featured_media":10,"parent":0,"menu_order":0,"comment_status":"closed","ping_status":"open","template":"page-blank.php","meta":{"footnotes":""},"class_list":["post-2","page","type-page","status-publish","has-post-thumbnail","hentry"],"_links":{"self":[{"href":"https:\/\/2bfree.tv\/wp-json\/wp\/v2\/pages\/2","targetHints":{"allow":["GET"]}}],"collection":[{"href":"https:\/\/2bfree.tv\/wp-json\/wp\/v2\/pages"}],"about":[{"href":"https:\/\/2bfree.tv\/wp-json\/wp\/v2\/types\/page"}],"author":[{"embeddable":true,"href":"https:\/\/2bfree.tv\/wp-json\/wp\/v2\/users\/1"}],"replies":[{"embeddable":true,"href":"https:\/\/2bfree.tv\/wp-json\/wp\/v2\/comments?post=2"}],"version-history":[{"count":13,"href":"https:\/\/2bfree.tv\/wp-json\/wp\/v2\/pages\/2\/revisions"}],"predecessor-version":[{"id":126,"href":"https:\/\/2bfree.tv\/wp-json\/wp\/v2\/pages\/2\/revisions\/126"}],"wp:featuredmedia":[{"embeddable":true,"href":"https:\/\/2bfree.tv\/wp-json\/wp\/v2\/media\/10"}],"wp:attachment":[{"href":"https:\/\/2bfree.tv\/wp-json\/wp\/v2\/media?parent=2"}],"curies":[{"name":"wp","href":"https:\/\/api.w.org\/{rel}","templated":true}]}}